3a9 (base 11) in base 10?
5124832
What is -21c8ce (base 15) in base 11?
-a01026
Convert 4239123 (base 10) to base 3.
21222100222120
Convert 2241300321 (base 5) to base 10.
5025086
What is -33d27 (base 14) in base 13?
-454c2
-65d99 (base 15) to base 7
-2515500
-3524354 (base 6) to base 4
-230202232
-1010000000110001110 (base 2) to base 14
-877c2
Convert -113313220 (base 4) to base 13.
-35668
Convert 1322014034 (base 5) to base 9.
6210416
Convert -35301101 (base 6) to base 14.
-207937
Convert -4608b5 (base 14) to base 10.
-2383519
10100000011010010000000 (base 2) to base 5
2321200240
What is -100001000010010011101 (base 2) in base 3?
-2000222221112
Convert 345630 (base 7) to base 6.
1155143
Convert -760437 (base 9) to base 11.
-28a43a
What is 13a956 (base 11) in base 13?
78b57
Convert -4533866 (base 9) to base 16.
-254943
Convert -1421131 (base 5) to base 2.
-111001101100101
Convert 101001100111110101010 (base 2) to base 9.
2507804
What is -31948 (base 12) in base 6?
-1222132
Convert 120112000121 (base 3) to base 6.
10314111
What is 87840 (base 10) in base 6?
1514400
What is -265235 (base 8) in base 3?
-11201100010
Convert -2341454 (base 6) to base 13.
-43825
Convert 11001001001111010010 (base 2) to base 6.
25400030
1110220101011 (base 3) to base 13
21664c
What is 292552 (base 11) in base 8?
1574753
Convert 270253 (base 8) to base 5.
11010004
11101001010100101 (base 2) to base 12
59171
What is 6411 (base 10) in base 2?
1100100001011
14210402 (base 5) to base 8
440222
What is 421412 (base 7) in base 10?
72578
What is 1107a5 (base 12) in base 14?
7091b
-10111100011100000001 (base 2) to base 5
-144144331
What is -3213230312 (base 4) in base 9?
-1705755
Convert -10001011110110010110 (base 2) to base 6.
-20135542
-1000000101000000000 (base 2) to base 4
-1000220000
Convert 393e8 (base 15) to base 4.
230231213
Convert 1e63c6 (base 16) to base 15.
29519c
141069 (base 15) to base 2
11101011101011100101
-7533757 (base 8) to base 6
-111052115
-2102302020 (base 4) to base 7
-5052561
What is 324014141 (base 5) in base 3?
2121201012000
-3892058 (base 10) to base 4
-32312031122
Convert 367b2 (base 12) to base 3.
10202010022
Convert 7307 (base 14) to base 12.
b563
Convert -221a1 (base 13) to base 12.
-2b934
168736 (base 9) to base 8
314617
-2200461 (base 11) to base 8
-16576257
-1245023 (base 7) to base 8
-475447
ecb49 (base 15) to base 12
303096
What is 34256013 (base 7) in base 2?
1011011001101101110000
What is -36b5c4 (base 13) in base 16?
-13fed1
Convert -465f92 (base 16) to base 3.
-22200022110022
Convert -121146 (base 11) to base 12.
-93023
What is d01c (base 16) in base 12?
269b8
What is a68 (base 12) in base 5?
22040
19a9ac (base 15) to base 9
2315860
655053 (base 9) to base 16
5f688
Convert 8d087b (base 15) to base 14.
c74665
-116200 (base 8) to base 4
-21302000
What is 2223122033 (base 4) in base 13?
1b7754
Convert -201212300 (base 4) to base 14.
-38240
What is -a39c (base 14) in base 15?
-852b
41528 (base 11) to base 9
102025
356032 (base 8) to base 12
5a64a
Convert 1a1dbc (base 16) to base 14.
327a56
Convert 4a34c9 (base 15) to base 4.
31203322110
-7b42 (base 13) to base 9
-25643
Convert -10010011100011010 (base 2) to base 9.
-124560
What is -121123402 (base 5) in base 12?
-2343b4
Convert 503400 (base 12) to base 14.
247720
Convert 1001110100111000100 (base 2) to base 6.
10522404
-11011110101101011 (base 2) to base 8
-336553
-2bb554 (base 14) to base 6
-52440502
-4a9342 (base 14) to base 12
-a35b3a
What is -21131320021 (base 4) in base 6?
-125105121
Convert 113952 (base 12) to base 3.
112000202022
What is 11101112020 (base 3) in base 10?
86406
Convert 195e4 (base 16) to base 2.
11001010111100100
11111101001001010111 (base 2) to base 16
fd257
Convert -20203100010 (base 4) to base 13.
-606372
Convert 10111100111111110101110 (base 2) to base 7.
103432412
-23302320 (base 4) to base 7
-260565
20b271 (base 15) to base 8
5737717
Convert 3080417 (base 9) to base 13.
45895c
Convert 3003401 (base 6) to base 2.
100010010111011001
What is 2240051 (base 6) in base 14?
2d807
Convert 301020321 (base 4) to base 6.
4151453
Convert -438d4 (base 14) to base 10.
-163650
Convert -2471217 (base 8) to base 11.
-428463
What is 3620a (base 12) in base 2?
10001110010101010
-1c113a (base 15) to base 8
-5164642
What is 2251454 (base 6) in base 12?
56b8a
Convert 100100111100011011001 (base 2) to base 14.
237265
-15336615 (base 7) to base 16
-167520
What is -10301300003 (base 4) in base 13?
-34b050
What is -538233 (base 10) in base 15?
-a9723
-11220212010 (base 3) to base 12
-48070
What is -1101301211 (base 4) in base 5?
-41204244
What is -b66e (base 16) in base 10?
-46702
What is a8a783 (base 11) in base 6?
101200142
What is -66aa25 (base 11) in base 6?
-34523403
Convert -1a29 (base 14) to base 13.
-2209
-10110011010000000111 (base 2) to base 4
-2303100013
Convert 12982b (base 12) to base 14.
7dc79
-51068b (base 12) to base 9
-2338388
What is 260d3a9 (base 14) in base 13?
3a46994
What is -2343353 (base 6) in base 4?
-131323311
fdf11 (base 16) to base 5
231241040
What is -1112021112 (base 3) in base 5?
-1430332
What is 1001411323 (base 5) in base 15?
292443
Convert 4b3416 (base 16) to base 2.
10010110011010000010110
Convert -82ab (base 15) to base 6.
-331455
Convert 25300045 (base 6) to base 5.
202112014
2203412231 (base 5) to base 6
245432344
259dc (base 14) to base 5
10430020
Convert 414664 (base 8) to base 16.
219b4
What is -1245b9 (base 15) in base 7?
-10304154
-139930a (base 11) to base 14
-4662d5
-130010013 (base 4) to base 7
-656064
Convert 5948384 (base 11) to base 16.
9e56e3
Convert -450325423 (base 6) to base 14.
-1120595
-1230021021 (base 5) to base 13
-7ccba0
What is 330493 (base 14) in base 5?
420322013
What is 4757873 (base 9) in base 12?
a438a9
Convert 117023 (base 9) to base 8.
212116
What is -173923 (base 11) in base 13?
-95380
-731e (base 15) to base 3
-1020101002
Convert 100122122120002 (base 3) to base 9.
10578502
-1101100111100001011000 (base 2) to base 8
-15474130
What is -275005 (base 8) in base 15?
-1da18
What is 2ec63a (base 15) in base 4?
20222003131
Convert -4d67 (base 16) to base 2.
-100110101100111
Convert 31025153 (base 7) to base 11.
1512634
What is -3668740 (base 10) in base 9?
-6811507
What is -1213101122 (base 4) in base 14?
-b0226
What is a0885 (base 11) in base 9?
244256
-55add (base 16) to base 8
-1255335
7b235 (base 12) to base 16
28289
Convert -154 (base 7) to base 10.
-88
42130334 (base 5) to base 15
6d564
Convert -1011011001100000110 (base 2) to base 4.
-1123030012
What is 1011011011010001000000 (base 2) in base 6?
144110544
Convert 12707710 (base 8) to base 16.
2b8fc8
-26f5d (base 16) to base 8
-467535
Convert 3b2b18 (base 12) to base 16.
ef2c4
What is 1003223100 (base 6) in base 13?
21753c6
What is -201122202111 (base 3) in base 7?
-3201025
Convert -131045 (base 16) to base 13.
-34987a
What is 34406344 (base 9) in base 16?
ff0f04
What is 99554 (base 15) in base 12?
1b5b44
Convert 1595ba (base 14) to base 6.
24110452
-3a459 (base 11) to base 8
-160665
What is -222133302 (base 4) in base 2?
-101010011111110010
Convert -164643312 (base 7) to base 2.
-101011000011111011011110
What is 112112212120 (base 3) in base 12?
1198b0
Convert -1727669 (base 12) to base 4.
-102033203301
-103222232200 (base 4) to base 5
-2304440434
-1003034040 (base 5) to base 7
-23006613
Convert -100101111222 (base 3) to base 5.
-21403224
Convert 1555448 (base 10) to base 16.
17bbf8
What is 3678064 (base 9) in base 8?
7503062
3d15d (base 14) to base 2
100100111010011111
33421252 (base 6) to base 7
11421443
-10111001100011100110110 (base 2) to base 6
-334153330
83d26 (base 15) to base 2
1100110000100100110
-5555154 (base 6) to base 11
-181235
Convert -ac2cc7 (base 15) to base 12.
-28bb807
Convert 63039 (base 10) to base 5.
4004124
Convert -1001000100202 (base 3) to base 15.
-ad592
What is 96098 (base 10) in base 8?
273542
Convert 796992 (base 10) to base 5.
201000432
Convert 452715 (base 8) to base 14.
3dab3
1010110001001011000011 (base 2) to base 13
77ab35
What is 1a136 (base 13) in base 4?
30120321
155aca (base 13) to base 10
526939
What is 5c2d0 (base 16) in base 14?
9b840
Convert -122112220 (base 3) to base 13.
-5a93
What is -1214254 (base 6) in base 7?
-355654